 - -36)?
-27
Calculate -3 - -11 - (-20 - (52 + -42)).
38
Evaluate (-16 - -3 - 7) + -18 + 98.
60
Calculate (-53 - 11) + (11 - 0) + -12 + -13.
-78
Evaluate 1 - (0 + -7 - ((-9 + 37 - 8) + -12)).
16
What is the value of 1 + -10 - -38 - (4 - (-1 + -2))?
22
-62 - (-141 + 116 + -78)
41
Calculate -1 - 0 - -16 - (86 - 86) - 5.
10
What is (-12 - (-32 + 25)) + -10 - -4?
-11
Evaluate 29 + (68 - 18 - 34).
45
What is -16 - (-14 + (-54 - -56))?
-4
What is 73 - (-65 - -63 - -38)?
37
What is (-1 + 5 + -7 - 5) + (5246 - 5299)?
-61
Evaluate (178 - 84) + (-30 - -4) + (0 - 0) + 9.
77
Evaluate 36 - ((19 - 79) + 5 + 32).
59
Calculate 39 - (-79 + -3 - -20).
101
What is the value of (2 - (2 + 1) - (-17 + 9)) + (-772 - -760)?
-5
What is (77 - (223 - 116)) + 126?
96
What is the value of 20 + -69 + 15 + 73?
39
-5 - (-31 - -3) - (659 + -692)
56
What is 34 - (20 - 40) - 39?
15
Evaluate -11 + (-9 - -6 - -24) - (113 + (-13 - -8)).
-98
Evaluate 11 + (7 - ((-5 + -8 - 11) + 12)).
30
Evaluate 18 + (-53 - -9) - -16.
-10
Calculate 29 - (115 + (-130 - -3)).
41
Evaluate 25 + -11 + (16 - 43) + (1 - -71).
59
What is -9 - (49 + -24 + -25 - 24)?
15
What is 8 + -21 - ((-13 - 4) + 68)?
-64
Calculate -4 + (-5 - 27) - (28 - 40 - (-4 + -7)).
-35
What is (175 - 199) + (-2 - (-6 + 10)) + -1 + 0?
-31
Evaluate -147 - -102 - (2 - 77).
30
Calculate -63 - (24 + 46 + -99).
-34
What is the value of -4 + (-17 - -15 - 10) + 80 - -9?
73
6 - ((-6 - (-7 - -17)) + 6)
16
Calculate (0 - -20) + (15 - 0 - (3300 + -3291)).
26
Calculate 16 + -77 + (-34 - (-4 - -10)).
-101
What is the value of (-169 - (-86 + 127)) + 124?
-86
What is 480 + -517 - (-1 - 30)?
-6
What is -54 - -17 - ((-2 - 7) + 6)?
-34
Evaluate (1 - -1 - -16) + (469 - 504).
-17
Evaluate (-19 - 67) + (11 - (4 - 1)) + 48 + -48.
-78
What is (-48 - 10) + (-131 - -283)?
94
What is 7 + (24 - -9) - (-48 + -27)?
115
-29 + (-104 - -216) + -11
72
-36 - -3 - (-1964 - -2043)
-112
Calculate 10 - (1 + -5 - -1 - -7).
6
Calculate 35 - -18 - 21 - 60.
-28
Evaluate 6 + 6 + 14 - 11 - 20.
-5
(36 - 37 - -33) + 5 + -1 + 5
41
(53 - (3 + 0 - 3)) + -47 + (-67 - -98)
37
Evaluate (-8 - 30 - -3) + -1.
-36
What is the value of -2613 + 2601 + 0 + 72?
60
Calculate -49 + -3 - ((11 - -12) + -19).
-56
Calculate -1 + -46 + 22 + -2 - 8.
-35
Calculate 1 - 3 - (819 + -784).
-37
Evaluate 54 + -82 - (-1 + 14 - 58).
17
What is the value of (6 - 125) + (16 - -2 - (-156 - -169))?
-114
Calculate 49 + 0 + -2 + 0 + -10 + (-1948 - -1953).
42
What is (-10 - -33) + 9 + -41 + 11?
2
81 + 8 + (0 + (-3 - -2) - (1551 - 1552))
89
What is -92 - (-200 - (-64 + 27))?
71
What is the value of 156 + (-25 + 23 - (4 + -1 + 6)) + -7?
138
Calculate -81 + 2 + -4 + -3 + -2536 + 2562.
-60
What is -245 + 4 + (798 - 646)?
-89
Calculate 11 + -5 - (-74 + 62 - (0 + 9)).
27
-30 - (-16 + 17 + 15 + 1 + -10)
-37
What is -9357 + 9468 - (79 - 1)?
33
Evaluate (-15 - (-8 + -5)) + -2 + -5 + -5 + 2.
-12
What is the value of 3 + 32 + (0 - 0) + (6575 - 6566)?
44
-6 - -17 - (-11 + -14 + -17)
53
Calculate -6 + (5 - (6 + 1)) + -22 + -87 + 95.
-22
Calculate (-15 - -98 - 89) + -83.
-89
What is the value of 2 - (-4 + (1 - (-6 + 1 + 6) - -18))?
-12
Evaluate -1 + 25 - (112 - 103) - (3 + 15) - 136.
-139
-192 + 114 + (1 - -15)
-62
Calculate 10 + (-122 - -228) - 75.
41
What is the value of 0 - -38 - (-4 + 7 + -29 - -24)?
40
What is 17 + -6 + -25 - (-98 + 75)?
9
What is 992 + -1008 + 10 + 3 + 3 + -6 - -15?
9
Evaluate (79 - 0) + 0 + (86 - (236 - 151)).
80
What is 56 - 13 - (-11 + 41)?
13
What is the value of 17 + (-15 + -3 - -11 - 7) + -38?
-35
What is -9 + (92 - 99 - (-27 + 1)) + (-8 - 0)?
2
What is the value of (-10 - 3) + (-705 - -681)?
-37
Evaluate -36 + -10 + (-25 - (-20 + (-11 - -18))) - -13.
-45
What is 11 + (41 + -17 - 24) + -5?
6
What is the value of 23 - (1 - -3) - (82 - 65) - (-1 + 98)?
-95
Evaluate 64 + -29 + (1 + 4 + -1 + 3 - -3).
45
Calculate 50 + 77 + -93 + -32.
2
Calculate -2 + (-11 - 5) + 41 + 5.
28
-47 + (84 - 39) + (0 - 29) + -2
-33
-14 - (-123 - ((19 - 31) + 1 + -3))
95
Evaluate -70 + 9 + -33 + 27 + (6 - 26).
-87
Calculate (-26 - (-58 - (5 - 34))) + -30 + -1.
-28
What is 111 - (262 + -38 - 34)?
-79
(-23 - (43 + -18 - 29)) + 2 + 9 + 25
17
What is (-58 - -2) + (1285 - 1237)?
-8
Calculate -7 - (44 + 5 + -5) - (11 - (0 - -18)).
-44
What is the value of -16 + 29 - -44 - 37?
20
What is the value of -38 - ((-9 - (-9 + 3)) + (0 - 4) + 1)?
-32
Evaluate -435 + 443 + (7 - -76).
91
Evaluate 46 + (23 - 6 - 40) - 75.
-52
What is (-32 - -55) + -115 + (25 - -15)?
-52
What is the value of -12 + (-51 - -47) + -40?
-56
What is 82 + 51 + -134 + 49?
48
Calculate -42 + -10 + 78 + (0 - (3 + 1)).
22
Calculate -92 + (194 - 100) - (1 + 29).
-28
Calculate -26 + 4 + (96 - 9 - 15).
50
What is the value of (6 - -1) + (-51 - -18) + 5 + (13 - 5)?
-13
Calculate 15 + (-6 - 1) + 1 + 0 - (30 - 15).
-6
What is the value of (429 - 448) + 0 + 43 - ((9 - 1) + 1)?
15
Calculate -16 + (2 - (-22 - -1)) + -4 + 0 + -17.
-14
What is the value of (51 - -2) + 6 + -5 + 13 + 4 + -23?
48
-7 + 5 + -24 + (-5 - (-15 - (-13 + 7)))
-22
What is the value of 6 + 92 - 118 - (-2 - 6) - 87?
-99
-12 + (-5 - -4) + (-6 + 59 - -2) + 7
49
What is the value of -1 + 2 + -13 - (-55 - (-26 - 26))?
-9
(-20 - 1) + -47 + 72 + (31 - 38)
-3
What is the value of 262 + -184 + -10 + -112?
-44
Calculate -498 - -505 - ((-7 - -6) + -64).
72
Evaluate -2 - (127 - (-35 + 56)) - -19.
-89
Evaluate -15 - (59 + -86 - (-38 + 11)).
-15
Evaluate (-3 - -1 - (1 + -15)) + -12592 + 12533.
-47
-31 + 23 + 4 + -51
-55
Evaluate (-37 - (52 + -52)) + 63.
26
Calculate 33 - (-90 - -62 - -114).
-53
Calculate -54 + (9 - ((-9 - (6 + -7)) + 2)).
-39
Calculate (8 - (1 + -1)) + 67 + -107 + 50.
18
Calculate -103 - (26 + -50 + -17 + 9 - -9).
-80
What is 863 + -711 - (29 + 11)?
112
What is (-101 - -14 - 9) + 24 + -4?
-76
Calculate 10 + 6 + -11 + (-59 - 23 - -26).
-51
-56 + (-35 - -95 - 68)
-64
What is (-54 - -4) + -6 + -60 + 67?
-49
Calculate (16 - (-2 + 2)) + -436 + 378.
-42
Evaluate -4 + 4 + -2 + (-58 - -53) + -63 + -8.
-78
Evaluate 3 + (113 + (-7 - -2) - ((12 - -6) + -13)).
106
Evaluate 7 - (32 + 1 - (-46 + -26 + 67)).
-31
Calculate -56 + -2 + (26 - (-7 + 12)).
-37
Calculate -24 - (38 - -12 - 105).
31
Calculate -20 + -2 + 4 - (-9 + -151).
142
What is 88 - (-8 - ((4 - -6 - -11) + -12))?
105
What is the value of -1 + (-66 - 1) - (69 - (43 - 72 - -88))?
-78
Evaluate 1 + (-33 - -38) + (-8 - -2).
0
Evaluate -3 - -10 - (10 + (-3 - -8 - 27)).
19
Evaluate 10 + -65 + (-20 - -36) + 8.
-31
What is -61 + (21 - 15) + -4 + 0?
-59
Calculate 37 + -10 + -57 + 79.
49
What is the value of (-3 - (-14 + 19 + -4 + -8)) + 48?
52
What is the value of -24 + 26 + -36 + 31?
-3
-16 + 13 + (-5 - -7) + -86 - (-27 + 26)
-86
What is 319 + -271 - ((-10 - -4) + 4 - -7)?
43
What is -198 + 203 + (8 - 5 - 24) - (-3 - 6)?
-7
4 + 38 + -44 + 14
12
What is the value of ((-6 - -2) + -1 - 6) + -88 + 84?
-15
Evaluate -40 - (-104 - (25 - 36)).
53
What is the value of 37 + (3 - (21 + 1)) - -9?
27
(29 - (8 + -11 + 19)) + -14 - (-11 + 122)
-112
(-3 - -2) + 2 - (28 - (106 - 38))
41
What is 1 - (18 + (31 - 10)) - (-1 + 2)?
-39
-814 - -935 - ((4 - 3) + 15 + (-10 - -9))
106
-7 + 67 - (1411 - 1415)
64
Calculate 1098 + -299 + -785 - (1 - (63 - 1)).
75
Calculate -25 - (27 + -1 + 1543 + -1518).
-76
What is the value of 1 + (4 - 1) + 2 + 11 + -1 + -17?
-1
-7 + (7 + -1 - (4 + 106) - -15)
-96
Calculate 57 - -10 - (15 - (4 + 1) - (-14 + 17)).
60
Evaluate -7 + 48 + -47 + 31.
25
What is 19 + -12 + 0 - (-23 + 112 + (0 - 8))?
-74
What is the value of 16 + 3 + 47 + (-9 - 2 - 0)?
55
Calculate 35 + -17 + 0 + -31.
-13
What is -20 - (86 + -49) - ((0 - 7) + -9 + 7)?
-48
6 - (31 + 70 - 50)
-45
What is the value of 36 + (36 - (-48 - -149)) - 45?
-74
-163 - (-20 - -80 - 145)
-78
What is (11 - 10) + (-4 - -109 - 5)?
101
Calculate (39 + -33 - 5 - -11) + 3 + -33 + -2.
-20
Evaluate (634 - 523) + (1 - 78).
34
What is 11 - 149 - (-64 + 87 + -44)?
-117
Calculate 115 + (86 - 192) - ((-1 - -22) + (3 - 0)).
-15
Evaluate 13 + 2 + 31 + -21 + -1 + -65.
-41
Evaluate (5 - 26 - (-1 + -13)) + 1 + -5 + 57.
46
What is the value of 0 + 6 + -3 + 0 + 41 + (-120 - -122)?
46
What is the value of 61 - 59 - ((23 - -1 - 0) + 4)?
-26
What is the value of 1 + 4 + 0 + 6 + (-204 - -157)?
-36
What is 44 + (39 - 4) - 65?
14
What is 0 